{"id":14,"date":"2020-09-25T16:43:37","date_gmt":"2020-09-25T16:43:37","guid":{"rendered":"http:\/\/2020.dbfs.at\/?page_id=14"},"modified":"2026-03-23T10:11:16","modified_gmt":"2026-03-23T10:11:16","slug":"imprint","status":"publish","type":"page","link":"https:\/\/www.dunkelblaufastschwarz.at\/en\/imprint\/","title":{"rendered":"Impressum"},"content":{"rendered":"\r\n<div class=\"marquee\">\r\n\t<div class=\"marquee-inner\">\r\n\t\t<div class=\"marquee-content\">\r\n\t\t\t<h2 class=\"headline marquee__headline\">Unser Impressum<\/h2>\r\n\t\t<\/div>\r\n\t<\/div>\r\n<\/div>\r\n\n\n<div class=\"text-columns\">\r\n\t<div class=\"container\">\r\n\t\t\t\t<div class=\"text-columns__one-column-center\">\r\n\t\t\t<div class=\"row justify-content-center\">\r\n\t\t\t\t<div class=\"col-md-10\"><p>&nbsp;<\/p>\n<p>dunkelblaufastschwarz GmbH<br \/>\nAuerspergstra\u00dfe 53, Top1<br \/>\n5020 Salzburg, Austria<br \/>\nr.obinger@dbfs.at<br \/>\n+43 699 10 666 910<\/p>\n<p>Gesch\u00e4ftsf\u00fchrer<br \/>\nReinhard Obinger<\/p>\n<p>FN: 417969 k<br \/>\nFB-Gericht: Salzburg<br \/>\nUID: ATU68762412<\/p>\n<p>Mitglied der Wirtschaftskammer \u00d6sterreich: <a style=\"font-size: inherit;\" href=\"https:\/\/www.wko.at\/\" target=\"_blank\" rel=\"noopener\">www.wko.at<\/a>,<br \/>\nFachgruppe: Werbung und Marktkommunikation<br \/>\n(Information gem\u00e4\u00df \u00a75 E-Commerce Gesetz)<\/p>\n<\/div>\r\n\t\t\t<\/div>\r\n\t\t<\/div>\r\n\t\t\t<\/div>\r\n<\/div>\r\n\r\n\n\n<div class=\"text-columns\">\r\n\t<div class=\"container\">\r\n\t\t\t\t<div class=\"text-columns__one-column-center\">\r\n\t\t\t<div class=\"row justify-content-center\">\r\n\t\t\t\t<div class=\"col-md-10\"><h3><strong>Rechtliche Hinweise<\/strong><\/h3>\n<p style=\"text-indent: 0;\">Diese Website darf ohne Zustimmung der dunkelblaufastschwarz GmbH (im Folgenden kurz &#8220;Betreiber&#8221; genannt) weder ganz noch auszugsweise reproduziert werden. Dies bezieht sich auf jegliche Wiedergabe in EDV-, Print-, TV- sowie derzeit noch nicht bekannten Medien. Alle Inhalte unterliegen \u00f6sterreichischem Urheberrecht.<\/p>\n<\/div>\r\n\t\t\t<\/div>\r\n\t\t<\/div>\r\n\t\t\t<\/div>\r\n<\/div>\r\n\r\n\n\n<div class=\"text-columns\">\r\n\t<div class=\"container\">\r\n\t\t\t\t<div class=\"text-columns__one-column-center\">\r\n\t\t\t<div class=\"row justify-content-center\">\r\n\t\t\t\t<div class=\"col-md-10\"><h3><strong>Haftungsausschluss<\/strong><\/h3>\n<p style=\"text-indent: 0;\">Die Betreiber dieser Internetseite \u00fcbernimmt keinerlei Gew\u00e4hr f\u00fcr die Aktualit\u00e4t, Korrektheit, Vollst\u00e4ndigkeit oder Qualit\u00e4t der bereitgestellten Informationen oder Funktionalit\u00e4t der bereitgestellten Dienste. Haftungsanspr\u00fcche gegen den Betreiber, die sich auf Sch\u00e4den materieller oder ideeller Art beziehen, welche durch die Nutzung oder Nichtnutzung der dargebotenen Informationen oder Funktionalit\u00e4t der bereitgestellten Dienste bzw. durch die Nutzung fehlerhafter und unvollst\u00e4ndiger Informationen oder Funktionalit\u00e4t der bereitgestellten Dienste verursacht wurden, sind grunds\u00e4tzlich ausgeschlossen. Der Betreiber beh\u00e4lt es sich ausdr\u00fccklich vor, Teile oder das gesamte Angebot ohne gesonderte Ank\u00fcndigung zu ver\u00e4ndern, zu erg\u00e4nzen, zu l\u00f6schen oder die Ver\u00f6ffentlichung zeitweise oder endg\u00fcltig einzustellen.<\/p>\n<\/div>\r\n\t\t\t<\/div>\r\n\t\t<\/div>\r\n\t\t\t<\/div>\r\n<\/div>\r\n\r\n\n\n<div class=\"text-columns\">\r\n\t<div class=\"container\">\r\n\t\t\t\t<div class=\"text-columns__one-column-center\">\r\n\t\t\t<div class=\"row justify-content-center\">\r\n\t\t\t\t<div class=\"col-md-10\"><h3><strong>Allgemeiner Hinweis<\/strong><\/h3>\n<p style=\"text-indent: 0;\">Diese Website enth\u00e4lt Links zu Seiten, die au\u00dferhalb dieses Servers im Internet liegen. F\u00fcr den Inhalt und die Gestaltung der verlinkten Seiten sind ausschlie\u00dflich deren Betreiber verantwortlich. Der Betreiber macht sich den Inhalt der verlinkten Seiten nicht zueigen und distanziert sich hiermit ausdr\u00fccklich von etwaigen, gegen geltendes Recht versto\u00dfenden Inhalten auf den verlinkten Seiten.<\/p>\n<\/div>\r\n\t\t\t<\/div>\r\n\t\t<\/div>\r\n\t\t\t<\/div>\r\n<\/div>\r\n\r\n\n\n<div class=\"text-columns\">\r\n\t<div class=\"container\">\r\n\t\t\t\t<div class=\"text-columns__one-column-center\">\r\n\t\t\t<div class=\"row justify-content-center\">\r\n\t\t\t\t<div class=\"col-md-10\"><h3><strong>Urheberrecht<\/strong><\/h3>\n<p style=\"text-indent: 0;\">Der Betreiber ist bestrebt, in allen Publikationen die Urheberrechte der verwendeten Grafiken, Videos, Sounds und Texte zu beachten, von ihm selbst erstellte Grafiken, Sounds und Texte zu nutzen oder auf lizenzfreie Grafiken, Sounds und Texte zur\u00fcckzugreifen. Im Falle einer unbeabsichtigten Copyrightverletzung wird der Betreiber das entsprechende Objekt nach Benachrichtigung aus seiner Publikation entfernen bzw. mit dem entsprechenden Copyright kenntlich machen.<\/p>\n<p>Das Copyright f\u00fcr ver\u00f6ffentlichte, vom Betreiber selbst erstellte Objekte bleibt allein beim Betreiber der Seiten. Eine Vervielf\u00e4ltigung oder Verwendung solcher Grafiken, Sounds oder Texte in anderen elektronischen oder gedruckten Publikationen ist ohne ausdr\u00fcckliche Zustimmung des Betreibers nicht gestattet.<\/p>\n<\/div>\r\n\t\t\t<\/div>\r\n\t\t<\/div>\r\n\t\t\t<\/div>\r\n<\/div>\r\n\r\n\n\n<div class=\"text-columns\">\r\n\t<div class=\"container\">\r\n\t\t\t\t<div class=\"text-columns__one-column-center\">\r\n\t\t\t<div class=\"row justify-content-center\">\r\n\t\t\t\t<div class=\"col-md-10\"><h3><strong>Datenschutz<\/strong><\/h3>\n<p style=\"text-indent: 0;\">Die Nutzung dieser Website ist in der Regel ohne Angabe personenbezogener Daten m\u00f6glich. Soweit auf unseren Seiten personenbezogene Daten zu Log-in- oder Anmeldezwecken erhoben werden, erfolgt dies, soweit m\u00f6glich, stets auf freiwilliger Basis. Diese Daten werden ohne Ihre ausdr\u00fcckliche Zustimmung nicht an Dritte weitergegeben und nur zu dem Zweck erhoben und verwendet, zu welchem Sie uns diese Daten \u00fcbermittelt haben.<\/p>\n<p>Wir weisen darauf hin, dass die Daten\u00fcbertragung im Internet (z.B. bei der Kommunikation per E-Mail) Sicherheitsl\u00fccken aufweisen kann. Ein l\u00fcckenloser Schutz der Daten vor dem Zugriff durch Dritte ist nicht m\u00f6glich. Der Nutzung von im Rahmen der Impressumspflicht ver\u00f6ffentlichten Kontaktdaten durch Dritte zur \u00dcbersendung von nicht ausdr\u00fccklich angeforderter Werbung und Informationsmaterialien wird hiermit ausdr\u00fccklich widersprochen. Die Betreiber der Seiten behalten sich ausdr\u00fccklich rechtliche Schritte im Falle der unverlangten Zusendung von Werbeinformationen, etwa durch Spa-Mails, vor.<\/p>\n<\/div>\r\n\t\t\t<\/div>\r\n\t\t<\/div>\r\n\t\t\t<\/div>\r\n<\/div>\r\n\r\n\n\n<div class=\"text-columns\">\r\n\t<div class=\"container\">\r\n\t\t\t\t<div class=\"text-columns__one-column-center\">\r\n\t\t\t<div class=\"row justify-content-center\">\r\n\t\t\t\t<div class=\"col-md-10\"><h3><strong>Google Analytics<\/strong><\/h3>\n<p style=\"text-indent: 0;\">Diese Website benutzt Google Analytics, einen Webanalysedienst der Google Inc. (\u201eGoogle&#8221;). Google Analytics verwendet sog. \u201eCookies&#8221;, Textdateien, die auf Ihrem Computer gespeichert werden und die eine Analyse der Benutzung der Website durch Sie erm\u00f6glichen. Die durch den Cookie erzeugten Informationen \u00fcber Ihre Benutzung dieser Website werden in der Regel an einen Server von Google in den USA \u00fcbertragen und dort gespeichert. Im Falle der Aktivierung der IP-Anonymisierung auf dieser Website, wird Ihre IP-Adresse von Google jedoch innerhalb von Mitgliedstaaten der Europ\u00e4ischen Union oder in anderen Vertragsstaaten des Abkommens \u00fcber den Europ\u00e4ischen Wirtschaftsraum zuvor gek\u00fcrzt. Nur in Ausnahmef\u00e4llen wird die volle IP-Adresse an einen Server von Google in den USA \u00fcbertragen und dort gek\u00fcrzt. Im Auftrag des Betreibers dieser Website wird Google diese Informationen benutzen, um Ihre Nutzung der Website auszuwerten, um Reports \u00fcber die Websiteaktivit\u00e4ten zusammenzustellen und um weitere mit der Websitenutzung und der Internetnutzung verbundene Dienstleistungen gegen\u00fcber dem Websitebetreiber zu erbringen. Die im Rahmen von Google Analytics von Ihrem Browser \u00fcbermittelte IP-Adresse wird nicht mit anderen Daten von Google zusammengef\u00fchrt. Sie k\u00f6nnen die Speicherung der Cookies durch eine entsprechende Einstellung Ihrer Browser-Software verhindern; wir weisen Sie jedoch darauf hin, dass Sie in diesem Fall gegebenenfalls nicht s\u00e4mtliche Funktionen dieser Website vollumf\u00e4nglich werden nutzen k\u00f6nnen. Sie k\u00f6nnen dar\u00fcber hinaus die Erfassung der durch das Cookie erzeugten und auf Ihre Nutzung der Website bezogenen Daten (inkl. Ihrer IP-Adresse) an Google sowie die Verarbeitung dieser Daten durch Google verhindern, indem Sie das unter dem folgenden Link verf\u00fcgbare Browser-Plugin herunterladen und installieren: <a style=\"font-size: inherit;\" href=\"https:\/\/tools.google.com\/dlpage\/gaoptout?hl=de\" target=\"_blank\" rel=\"noopener\">https:\/\/tools.google.com\/dlpage\/gaoptout?hl=de<\/a>.<\/p>\n<\/div>\r\n\t\t\t<\/div>\r\n\t\t<\/div>\r\n\t\t\t<\/div>\r\n<\/div>\r\n\r\n","protected":false},"excerpt":{"rendered":"","protected":false},"author":4,"featured_media":0,"parent":0,"menu_order":95,"comment_status":"closed","ping_status":"closed","template":"","meta":{"_acf_changed":false,"footnotes":""},"class_list":["post-14","page","type-page","status-publish","hentry"],"acf":[],"_links":{"self":[{"href":"https:\/\/www.dunkelblaufastschwarz.at\/en\/wp-json\/wp\/v2\/pages\/14","targetHints":{"allow":["GET"]}}],"collection":[{"href":"https:\/\/www.dunkelblaufastschwarz.at\/en\/wp-json\/wp\/v2\/pages"}],"about":[{"href":"https:\/\/www.dunkelblaufastschwarz.at\/en\/wp-json\/wp\/v2\/types\/page"}],"author":[{"embeddable":true,"href":"https:\/\/www.dunkelblaufastschwarz.at\/en\/wp-json\/wp\/v2\/users\/4"}],"replies":[{"embeddable":true,"href":"https:\/\/www.dunkelblaufastschwarz.at\/en\/wp-json\/wp\/v2\/comments?post=14"}],"version-history":[{"count":42,"href":"https:\/\/www.dunkelblaufastschwarz.at\/en\/wp-json\/wp\/v2\/pages\/14\/revisions"}],"predecessor-version":[{"id":5197,"href":"https:\/\/www.dunkelblaufastschwarz.at\/en\/wp-json\/wp\/v2\/pages\/14\/revisions\/5197"}],"wp:attachment":[{"href":"https:\/\/www.dunkelblaufastschwarz.at\/en\/wp-json\/wp\/v2\/media?parent=14"}],"curies":[{"name":"wp","href":"https:\/\/api.w.org\/{rel}","templated":true}]}}

<div class="marquee">
	<div class="marquee-inner">
		<div class="marquee-content">
			<h2 class="headline marquee__headline">Unser Impressum</h2>
		</div>
	</div>
</div>


<div class="text-columns">
	<div class="container">
				<div class="text-columns__one-column-center">
			<div class="row justify-content-center">
				<div class="col-md-10"><p>&nbsp;</p>
<p>dunkelblaufastschwarz GmbH<br />
Auerspergstraße 53, Top1<br />
5020 Salzburg, Austria<br />
r.obinger@dbfs.at<br />
+43 699 10 666 910</p>
<p>Geschäftsführer<br />
Reinhard Obinger</p>
<p>FN: 417969 k<br />
FB-Gericht: Salzburg<br />
UID: ATU68762412</p>
<p>Mitglied der Wirtschaftskammer Österreich: <a style="font-size: inherit;" href="https://www.wko.at/" target="_blank" rel="noopener">www.wko.at</a>,<br />
Fachgruppe: Werbung und Marktkommunikation<br />
(Information gemäß §5 E-Commerce Gesetz)</p>
</div>
			</div>
		</div>
			</div>
</div>



<div class="text-columns">
	<div class="container">
				<div class="text-columns__one-column-center">
			<div class="row justify-content-center">
				<div class="col-md-10"><h3><strong>Rechtliche Hinweise</strong></h3>
<p style="text-indent: 0;">Diese Website darf ohne Zustimmung der dunkelblaufastschwarz GmbH (im Folgenden kurz &#8220;Betreiber&#8221; genannt) weder ganz noch auszugsweise reproduziert werden. Dies bezieht sich auf jegliche Wiedergabe in EDV-, Print-, TV- sowie derzeit noch nicht bekannten Medien. Alle Inhalte unterliegen österreichischem Urheberrecht.</p>
</div>
			</div>
		</div>
			</div>
</div>



<div class="text-columns">
	<div class="container">
				<div class="text-columns__one-column-center">
			<div class="row justify-content-center">
				<div class="col-md-10"><h3><strong>Haftungsausschluss</strong></h3>
<p style="text-indent: 0;">Die Betreiber dieser Internetseite übernimmt keinerlei Gewähr für die Aktualität, Korrektheit, Vollständigkeit oder Qualität der bereitgestellten Informationen oder Funktionalität der bereitgestellten Dienste. Haftungsansprüche gegen den Betreiber, die sich auf Schäden materieller oder ideeller Art beziehen, welche durch die Nutzung oder Nichtnutzung der dargebotenen Informationen oder Funktionalität der bereitgestellten Dienste bzw. durch die Nutzung fehlerhafter und unvollständiger Informationen oder Funktionalität der bereitgestellten Dienste verursacht wurden, sind grundsätzlich ausgeschlossen. Der Betreiber behält es sich ausdrücklich vor, Teile oder das gesamte Angebot ohne gesonderte Ankündigung zu verändern, zu ergänzen, zu löschen oder die Veröffentlichung zeitweise oder endgültig einzustellen.</p>
</div>
			</div>
		</div>
			</div>
</div>



<div class="text-columns">
	<div class="container">
				<div class="text-columns__one-column-center">
			<div class="row justify-content-center">
				<div class="col-md-10"><h3><strong>Allgemeiner Hinweis</strong></h3>
<p style="text-indent: 0;">Diese Website enthält Links zu Seiten, die außerhalb dieses Servers im Internet liegen. Für den Inhalt und die Gestaltung der verlinkten Seiten sind ausschließlich deren Betreiber verantwortlich. Der Betreiber macht sich den Inhalt der verlinkten Seiten nicht zueigen und distanziert sich hiermit ausdrücklich von etwaigen, gegen geltendes Recht verstoßenden Inhalten auf den verlinkten Seiten.</p>
</div>
			</div>
		</div>
			</div>
</div>



<div class="text-columns">
	<div class="container">
				<div class="text-columns__one-column-center">
			<div class="row justify-content-center">
				<div class="col-md-10"><h3><strong>Urheberrecht</strong></h3>
<p style="text-indent: 0;">Der Betreiber ist bestrebt, in allen Publikationen die Urheberrechte der verwendeten Grafiken, Videos, Sounds und Texte zu beachten, von ihm selbst erstellte Grafiken, Sounds und Texte zu nutzen oder auf lizenzfreie Grafiken, Sounds und Texte zurückzugreifen. Im Falle einer unbeabsichtigten Copyrightverletzung wird der Betreiber das entsprechende Objekt nach Benachrichtigung aus seiner Publikation entfernen bzw. mit dem entsprechenden Copyright kenntlich machen.</p>
<p>Das Copyright für veröffentlichte, vom Betreiber selbst erstellte Objekte bleibt allein beim Betreiber der Seiten. Eine Vervielfältigung oder Verwendung solcher Grafiken, Sounds oder Texte in anderen elektronischen oder gedruckten Publikationen ist ohne ausdrückliche Zustimmung des Betreibers nicht gestattet.</p>
</div>
			</div>
		</div>
			</div>
</div>



<div class="text-columns">
	<div class="container">
				<div class="text-columns__one-column-center">
			<div class="row justify-content-center">
				<div class="col-md-10"><h3><strong>Datenschutz</strong></h3>
<p style="text-indent: 0;">Die Nutzung dieser Website ist in der Regel ohne Angabe personenbezogener Daten möglich. Soweit auf unseren Seiten personenbezogene Daten zu Log-in- oder Anmeldezwecken erhoben werden, erfolgt dies, soweit möglich, stets auf freiwilliger Basis. Diese Daten werden ohne Ihre ausdrückliche Zustimmung nicht an Dritte weitergegeben und nur zu dem Zweck erhoben und verwendet, zu welchem Sie uns diese Daten übermittelt haben.</p>
<p>Wir weisen darauf hin, dass die Datenübertragung im Internet (z.B. bei der Kommunikation per E-Mail) Sicherheitslücken aufweisen kann. Ein lückenloser Schutz der Daten vor dem Zugriff durch Dritte ist nicht möglich. Der Nutzung von im Rahmen der Impressumspflicht veröffentlichten Kontaktdaten durch Dritte zur Übersendung von nicht ausdrücklich angeforderter Werbung und Informationsmaterialien wird hiermit ausdrücklich widersprochen. Die Betreiber der Seiten behalten sich ausdrücklich rechtliche Schritte im Falle der unverlangten Zusendung von Werbeinformationen, etwa durch Spa-Mails, vor.</p>
</div>
			</div>
		</div>
			</div>
</div>



<div class="text-columns">
	<div class="container">
				<div class="text-columns__one-column-center">
			<div class="row justify-content-center">
				<div class="col-md-10"><h3><strong>Google Analytics</strong></h3>
<p style="text-indent: 0;">Diese Website benutzt Google Analytics, einen Webanalysedienst der Google Inc. („Google&#8221;). Google Analytics verwendet sog. „Cookies&#8221;, Textdateien, die auf Ihrem Computer gespeichert werden und die eine Analyse der Benutzung der Website durch Sie ermöglichen. Die durch den Cookie erzeugten Informationen über Ihre Benutzung dieser Website werden in der Regel an einen Server von Google in den USA übertragen und dort gespeichert. Im Falle der Aktivierung der IP-Anonymisierung auf dieser Website, wird Ihre IP-Adresse von Google jedoch innerhalb von Mitgliedstaaten der Europäischen Union oder in anderen Vertragsstaaten des Abkommens über den Europäischen Wirtschaftsraum zuvor gekürzt. Nur in Ausnahmefällen wird die volle IP-Adresse an einen Server von Google in den USA übertragen und dort gekürzt. Im Auftrag des Betreibers dieser Website wird Google diese Informationen benutzen, um Ihre Nutzung der Website auszuwerten, um Reports über die Websiteaktivitäten zusammenzustellen und um weitere mit der Websitenutzung und der Internetnutzung verbundene Dienstleistungen gegenüber dem Websitebetreiber zu erbringen. Die im Rahmen von Google Analytics von Ihrem Browser übermittelte IP-Adresse wird nicht mit anderen Daten von Google zusammengeführt. Sie können die Speicherung der Cookies durch eine entsprechende Einstellung Ihrer Browser-Software verhindern; wir weisen Sie jedoch darauf hin, dass Sie in diesem Fall gegebenenfalls nicht sämtliche Funktionen dieser Website vollumfänglich werden nutzen können. Sie können darüber hinaus die Erfassung der durch das Cookie erzeugten und auf Ihre Nutzung der Website bezogenen Daten (inkl. Ihrer IP-Adresse) an Google sowie die Verarbeitung dieser Daten durch Google verhindern, indem Sie das unter dem folgenden Link verfügbare Browser-Plugin herunterladen und installieren: <a style="font-size: inherit;" href="https://tools.google.com/dlpage/gaoptout?hl=de" target="_blank" rel="noopener">https://tools.google.com/dlpage/gaoptout?hl=de</a>.</p>
</div>
			</div>
		</div>
			</div>
</div>
